{"id":5095,"date":"2022-08-20T08:27:35","date_gmt":"2022-08-20T08:27:35","guid":{"rendered":"http:\/\/www.mairie-poncey-les-athee.fr\/?page_id=5095"},"modified":"2026-01-17T15:26:52","modified_gmt":"2026-01-17T15:26:52","slug":"centre-hospitalier-d-auxonne","status":"publish","type":"page","link":"https:\/\/www.mairie-poncey-les-athee.fr\/?page_id=5095","title":{"rendered":"Informations M\u00e9dicales"},"content":{"rendered":"<p><!--more--><\/p>\n<p>&nbsp;<\/p>\n<h3><span style=\"color: #0000ff;\">Don du Sang collectes 2026<\/span><\/h3>\n<p>&nbsp;<\/p>\n<h4><strong><a href=\"https:\/\/www.mairie-poncey-les-athee.fr\/wp-content\/uploads\/don-du-sang2026.jpg\" target=\"_blank\" rel=\"noopener\"><img loading=\"lazy\" decoding=\"async\" class=\"alignleft wp-image-20266 \" src=\"https:\/\/www.mairie-poncey-les-athee.fr\/wp-content\/uploads\/don-du-sang2026-212x300.jpg\" alt=\"\" width=\"201\" height=\"284\" srcset=\"https:\/\/www.mairie-poncey-les-athee.fr\/wp-content\/uploads\/don-du-sang2026-212x300.jpg 212w, https:\/\/www.mairie-poncey-les-athee.fr\/wp-content\/uploads\/don-du-sang2026-543x768.jpg 543w, https:\/\/www.mairie-poncey-les-athee.fr\/wp-content\/uploads\/don-du-sang2026-768x1087.jpg 768w, https:\/\/www.mairie-poncey-les-athee.fr\/wp-content\/uploads\/don-du-sang2026-1086x1536.jpg 1086w, https:\/\/www.mairie-poncey-les-athee.fr\/wp-content\/uploads\/don-du-sang2026-750x1061.jpg 750w, https:\/\/www.mairie-poncey-les-athee.fr\/wp-content\/uploads\/don-du-sang2026.jpg 1227w\" sizes=\"auto, (max-width: 201px) 100vw, 201px\" \/><\/a><\/strong><\/h4>\n<h4><\/h4>\n<h4><strong>Date de la prochaine collecte qui sera organis\u00e9e \u00e0 Auxonne Salle du Vannois (Route de Chevigny) de 15h \u00e0 19h:<\/strong><strong>\u00a0<\/strong><\/h4>\n<h3><strong>\u00a0 \u00a0 \u00a0 \u00a0 \u00a0 \u00a0 \u00a0<span style=\"color: #0000ff;\">Mercredi 04 mars<\/span>\u00a0<span style=\"color: #0000ff;\">2026<\/span>\u00a0 \u00a0 \u00a0 \u00a0 \u00a0 \u00a0 \u00a0 \u00a0 \u00a0 \u00a0 \u00a0 \u00a0 \u00a0 \u00a0 \u00a0 \u00a0 \u00a0 \u00a0 \u00a0 \u00a0 \u00a0 \u00a0 \u00a0 \u00a0 \u00a0 \u00a0 \u00a0 \u00a0 \u00a0 \u00a0 \u00a0\u00a0<\/strong><\/h3>\n<h4><strong>Prenez rendez-vous sur:\u00a0<span style=\"color: #ff0000;\"><a style=\"color: #ff0000;\" href=\"https:\/\/dondesang.efs.sante.fr\/trouver-une-collecte\/015.3.E21108\/sang\/20-09-2023\" target=\"_blank\" rel=\"noopener\">mon-rdv-dondesang.efs.sante.fr<\/a><\/span><\/strong><\/h4>\n<p>&nbsp;<\/p>\n<p>&nbsp;<\/p>\n<p>&nbsp;<\/p>\n<p>&nbsp;<\/p>\n<hr \/>\n<h3><span style=\"color: #000080;\"><span style=\"color: #0000ff;\">Centre de Sant\u00e9 Municipal de Pontailler<\/span><\/span><\/h3>\n<p><a href=\"https:\/\/www.mairie-poncey-les-athee.fr\/wp-content\/uploads\/centre-ponta.jpg\" target=\"_blank\" rel=\"noopener\"><img loading=\"lazy\" decoding=\"async\" class=\"alignleft wp-image-17965 size-medium\" src=\"https:\/\/www.mairie-poncey-les-athee.fr\/wp-content\/uploads\/centre-ponta-300x213.jpg\" alt=\"\" width=\"300\" height=\"213\" srcset=\"https:\/\/www.mairie-poncey-les-athee.fr\/wp-content\/uploads\/centre-ponta-300x213.jpg 300w, https:\/\/www.mairie-poncey-les-athee.fr\/wp-content\/uploads\/centre-ponta-1024x728.jpg 1024w, https:\/\/www.mairie-poncey-les-athee.fr\/wp-content\/uploads\/centre-ponta-768x546.jpg 768w, https:\/\/www.mairie-poncey-les-athee.fr\/wp-content\/uploads\/centre-ponta-1536x1092.jpg 1536w, https:\/\/www.mairie-poncey-les-athee.fr\/wp-content\/uploads\/centre-ponta-750x533.jpg 750w, https:\/\/www.mairie-poncey-les-athee.fr\/wp-content\/uploads\/centre-ponta.jpg 2048w\" sizes=\"auto, (max-width: 300px) 100vw, 300px\" \/><\/a><\/p>\n<h4>Ouverture lundi 12 mai 2025<\/h4>\n<p>Offre soins \u00e0\u00a0Pontailler-sur-Sa\u00f4ne\u00a0: la commune ouvre le <strong>Centre de sant\u00e9 municipal St Eloi avec 3 m\u00e9decins g\u00e9n\u00e9ralistes.\u00a0 \u00a0 \u00a0 \u00a0 \u00a0 \u00a0 \u00a0 \u00a0 \u00a0 \u00a0 \u00a0 \u00a0 \u00a0 \u00a0 \u00a0 \u00a0 \u00a0 \u00a0 \u00a0 \u00a0 \u00a0 \u00a0 \u00a0 \u00a0 \u00a0 \u00a0 \u00a0 \u00a0 \u00a0 \u00a0 \u00a0 \u00a0 \u00a0 \u00a0 \u00a0 \u00a0 \u00a0 \u00a0 \u00a0 \u00a0 \u00a0 \u00a0 \u00a0 \u00a0 \u00a0 \u00a0 \u00a0 \u00a0 \u00a0 <\/strong>Ce cabinet m\u00e9dical permettra \u00e0 nos habitants d\u2019acc\u00e9der \u00e0 une offre de soins de qualit\u00e9, aupr\u00e8s des Docteur(e)s <strong>Marion Ruisseaux<\/strong> et <strong>Natalia Vergote<\/strong>, dipl\u00f4m\u00e9es de l\u2019Universit\u00e9 de m\u00e9decine de Besan\u00e7on et<strong> Dominique Vallot.<\/strong>\u00a0 \u00a0 \u00a0 \u00a0 \u00a0 \u00a0 \u00a0 \u00a0 \u00a0 \u00a0 \u00a0 \u00a0 \u00a0 \u00a0 \u00a0 \u00a0 \u00a0 \u00a0 \u00a0 \u00a0 \u00a0 \u00a0 \u00a0 \u00a0 \u00a0 \u00a0 \u00a0 \u00a0 \u00a0 \u00a0 \u00a0 \u00a0 \u00a0 \u00a0 \u00a0 \u00a0 \u00a0 \u00a0 \u00a0 \u00a0 \u00a0 \u00a0 \u00a0 \u00a0 \u00a0 \u00a0 \u00a0 \u00a0 \u00a0 \u00a0 \u00a0 \u00a0 \u00a0 \u00a0 \u00a0 <strong>Tous les RDV sont \u00e0 prendre au : 03 80 36 15 51 aupr\u00e8s du secr\u00e9tariat\u00a0 \u00a0 \u00a0 \u00a0 \u00a0 \u00a0 \u00a0 \u00a0 \u00a0 \u00a0 \u00a0 \u00a0 \u00a0 \u00a0 \u00a0 \u00a0 \u00a0 \u00a0 \u00a0 \u00a0 \u00a0 \u00a0 \u00a0 \u00a0 \u00a0 \u00a0 \u00a0 \u00a0 \u00a0 \u00a0 \u00a0 \u00a0 \u00a0 \u00a0 \u00a0 \u00a0 \u00a0 Accueil du lundi au vendredi de 8h \u00e0 20h et le samedi de 9h \u00e0 17h<\/strong><\/p>\n<p>&nbsp;<\/p>\n<hr \/>\n<h3><span style=\"color: #0000ff;\"><a class=\"x1i10hfl xjbqb8w x6umtig x1b1mbwd xaqea5y xav7gou x9f619 x1ypdohk xt0psk2 xe8uvvx xdj266r x11i5rnm xat24cr x1mh8g0r xexx8yu x4uap5 x18d9i69 xkhd6sd x16tdsg8 x1hl2dhg xggy1nq x1a2a7pz xt0b8zv xzsf02u x1s688f\" style=\"color: #0000ff;\" tabindex=\"0\" role=\"link\" href=\"https:\/\/www.facebook.com\/profile.php?id=100063604688973&amp;__cft__[0]=AZUzSkHfDDoImM2D6L25wBRf3bfYBGIBQUC6b0PfKK0ujMeekACG0eMEIcM1UKBT0aIGumqqIUzRjpW3Dh0eX9iJY5UW6G8SM9HvAXM0sXZhQogxAzR7-o5-DEFiM1Rge7zrjvWmAhqtRaAiJ9wDjRQuDP617gTvfn2gQ277-RAkvYHICS38TU3euEVqpKCVactee3Jkm3VsqsRKGUWSOtEj&amp;__tn__=-UC%2CP-y-R\" target=\"_blank\" rel=\"noopener\"><strong>SOS MEDECINS Dijon<\/strong><\/a><\/span><\/h3>\n<h4><a href=\"https:\/\/www.mairie-poncey-les-athee.fr\/wp-content\/uploads\/SOS-Medecins.jpg\" target=\"_blank\" rel=\"noopener\"><img loading=\"lazy\" decoding=\"async\" class=\"alignleft wp-image-7072 size-medium\" src=\"https:\/\/www.mairie-poncey-les-athee.fr\/wp-content\/uploads\/SOS-Medecins-300x232.jpg\" sizes=\"auto, (max-width: 300px) 100vw, 300px\" srcset=\"https:\/\/www.mairie-poncey-les-athee.fr\/wp-content\/uploads\/SOS-Medecins-300x232.jpg 300w, https:\/\/www.mairie-poncey-les-athee.fr\/wp-content\/uploads\/SOS-Medecins-560x433.jpg 560w, https:\/\/www.mairie-poncey-les-athee.fr\/wp-content\/uploads\/SOS-Medecins-768x594.jpg 768w, https:\/\/www.mairie-poncey-les-athee.fr\/wp-content\/uploads\/SOS-Medecins-750x580.jpg 750w, https:\/\/www.mairie-poncey-les-athee.fr\/wp-content\/uploads\/SOS-Medecins.jpg 1080w\" alt=\"\" width=\"300\" height=\"232\" \/><\/a><\/h4>\n<div class=\"x1a8lsjc x1swvt13 x1pi30zi\">\n<div class=\"x1jx94hy x78zum5 x1q0g3np\">\n<div class=\"x78zum5 xdt5ytf xz62fqu x16ldp7u\">\n<div class=\"xu06os2 x1ok221b\"><strong>Un Cabinet m\u00e9dical d\u00e9port\u00e9 de SOS m\u00e9decins Dijon \u00e0 Auxonne consultera sur rendez-vous tous les jours de la semaine de 10h \u00e0 18h\/19h, les samedis de 12h \u00e0 18h et les dimanches de 10h \u00e0 18h.<\/strong><\/div>\n<\/div>\n<\/div>\n<\/div>\n<div class=\"\" dir=\"auto\">\n<div class=\"\" dir=\"auto\">\n<div class=\"x1iorvi4 x1pi30zi x1l90r2v x1swvt13\" data-ad-comet-preview=\"message\" data-ad-preview=\"message\">\n<div class=\"x78zum5 xdt5ytf xz62fqu x16ldp7u\">\n<div class=\"xu06os2 x1ok221b\">\n<div class=\"x11i5rnm xat24cr x1mh8g0r x1vvkbs xdj266r x126k92a\">\n<div dir=\"auto\"><\/div>\n<div dir=\"auto\"><strong><span class=\"x3nfvp2 x1j61x8r x1fcty0u xdj266r xhhsvwb xat24cr xgzva0m xxymvpz xlup9mm x1kky2od\"><img loading=\"lazy\" decoding=\"async\" src=\"https:\/\/static.xx.fbcdn.net\/images\/emoji.php\/v9\/tba\/1.5\/16\/2705.png\" alt=\"\u2705\" width=\"16\" height=\"16\" \/><\/span>Le cabinet est situ\u00e9 au rez-de-chauss\u00e9e de l\u2019h\u00f4pital d\u2019Auxonne, entr\u00e9e au 5 rue Colonel Denfert.<\/strong><\/div>\n<div dir=\"auto\"><strong>Les consultations se feront sur rendez-vous par internet sur:\u00a0\u00a0<a href=\"https:\/\/rdvasos.fr\/\" target=\"_blank\" rel=\"noopener\">rdvasos.fr<\/a>\u00a0,\u00a0 par\u00a0 t\u00e9l\u00e9phone\u00a0 au\u00a03624\u00a0 , au\u00a0 \u00a0 \u00a0 \u00a0 \u00a0 \u00a0 \u00a0 \u00a0 \u00a0 \u00a0 \u00a0 \u00a0 \u00a0\u00a003 80 59 80 80\u00a0 ou\u00a0 en\u00a0 composant le\u00a0\u00a015.<\/strong><\/div>\n<div dir=\"auto\"><\/div>\n<div dir=\"auto\"><\/div>\n<\/div>\n<div dir=\"auto\"><\/div>\n<\/div>\n<\/div>\n<\/div>\n<\/div>\n<\/div>\n<hr \/>\n<h3><span style=\"color: #0000ff;\">A la recherche d&rsquo;un m\u00e9decin traitant<\/span><\/h3>\n<p><a href=\"https:\/\/www.mairie-poncey-les-athee.fr\/wp-content\/uploads\/medecin-traitant.jpg\" target=\"_blank\" rel=\"noopener\"><img loading=\"lazy\" decoding=\"async\" class=\"alignnone wp-image-12402\" src=\"https:\/\/www.mairie-poncey-les-athee.fr\/wp-content\/uploads\/medecin-traitant-212x300.jpg\" alt=\"\" width=\"277\" height=\"392\" srcset=\"https:\/\/www.mairie-poncey-les-athee.fr\/wp-content\/uploads\/medecin-traitant-212x300.jpg 212w, https:\/\/www.mairie-poncey-les-athee.fr\/wp-content\/uploads\/medecin-traitant-396x560.jpg 396w, https:\/\/www.mairie-poncey-les-athee.fr\/wp-content\/uploads\/medecin-traitant.jpg 596w\" sizes=\"auto, (max-width: 277px) 100vw, 277px\" \/><\/a><\/p>\n<h4>LIEN :<a class=\"x1i10hfl xjbqb8w x6umtig x1b1mbwd xaqea5y xav7gou x9f619 x1ypdohk xt0psk2 xe8uvvx xdj266r x11i5rnm xat24cr x1mh8g0r xexx8yu x4uap5 x18d9i69 xkhd6sd x16tdsg8 x1hl2dhg xggy1nq x1a2a7pz xt0b8zv x1fey0fg\" tabindex=\"0\" role=\"link\" href=\"https:\/\/l.facebook.com\/l.php?u=https%3A%2F%2Fwww.cptspaysdor.fr%2Fpage%2F1277750-je-n-ai-pas-de-medecin-traitant%3Ffbclid%3DIwAR29gn78H8bIzyqVY20F5i8ugQgoIBzLlBjmV6PY8M4hF6csORbfQornCWc&amp;h=AT00PXE5-I4VqlgJPo8gj7Yesu7m1G3b0E5xwb6iPAP1kPlObZFZg1izFdvGubkkqP6rAxQZDUjPQji2JevUnE0v_cYytnACsrX9RPJcNhNtURQ8HxSvyrQzi6IhH8awZFZsd43eiwY9W2FwAdKr&amp;__tn__=-UK-R&amp;c[0]=AT3r8h_41bfc7qOammBL1VCi9fEaPblj1JDiRbbOvZqkPt9VXOHoqbBEda8djYSZhBuYWABRZvJ5NkZVJnYtz4A-OCa-FRzCk6JgNDUzH8H97v3JqxcH-zv8Vdy2nqNO3oaCNnqbzqOloB0NVaK_aYdF9I8EQPclNy0wQSkU-xRgWJgh3n91YEjm48n-dwNPdXQBQfvF0NY0\" target=\"_blank\" rel=\"nofollow noopener noreferrer\"> https:\/\/www.cptspaysdor.fr\/page\/1277750-je-n-ai-pas-de-medecin-traitan<\/a>t<\/h4>\n<p>&nbsp;<\/p>\n<hr \/>\n<h3><\/h3>\n<h3><span style=\"color: #0000ff;\">Auxonne recherche M\u00e9decins Lib\u00e9raux<\/span><\/h3>\n<p><a href=\"https:\/\/www.mairie-poncey-les-athee.fr\/wp-content\/uploads\/Medecins.jpg\" target=\"_blank\" rel=\"noopener\"><img loading=\"lazy\" decoding=\"async\" class=\"wp-image-9994 alignleft\" src=\"https:\/\/www.mairie-poncey-les-athee.fr\/wp-content\/uploads\/Medecins-300x212.jpg\" sizes=\"auto, (max-width: 312px) 100vw, 312px\" srcset=\"https:\/\/www.mairie-poncey-les-athee.fr\/wp-content\/uploads\/Medecins-300x212.jpg 300w, https:\/\/www.mairie-poncey-les-athee.fr\/wp-content\/uploads\/Medecins-560x396.jpg 560w, https:\/\/www.mairie-poncey-les-athee.fr\/wp-content\/uploads\/Medecins-768x543.jpg 768w, https:\/\/www.mairie-poncey-les-athee.fr\/wp-content\/uploads\/Medecins-750x530.jpg 750w, https:\/\/www.mairie-poncey-les-athee.fr\/wp-content\/uploads\/Medecins.jpg 842w\" alt=\"\" width=\"312\" height=\"221\" \/>\u00a0\u00a0\u00a0\u00a0\u00a0<\/a><\/p>\n<p><strong>Vous \u00eates m\u00e9decin lib\u00e9ral et vous voulez vous installer\u00a0?<\/strong><\/p>\n<p><strong>La ville d\u2019Auxonne \u00e0 besoin de vous\u00a0! Et ses patients tout autant.<\/strong><\/p>\n<p><strong>N\u2019h\u00e9sitez pas \u00e0 nous contacter:\u00a0 \u00a0<span style=\"color: #ff0000;\"><a style=\"color: #ff0000;\" href=\"https:\/\/www.cptspaysdor.fr\/page\/1614183-l-actu-du-mois\" target=\"_blank\" rel=\"noopener\">CTPS\u00a0Pays d\u2019Or<\/a><\/span><\/strong><\/p>\n<p>&nbsp;<\/p>\n<h3><\/h3>\n<p>&nbsp;<\/p>\n<div>\n<hr \/>\n<\/div>\n<div class=\"x11i5rnm xat24cr x1mh8g0r x1vvkbs xtlvy1s x126k92a\">\n<h3 dir=\"auto\"><span style=\"color: #0000ff;\">\u00a0CeGIDD 21<\/span><\/h3>\n<div dir=\"auto\">\n<p><a href=\"https:\/\/www.mairie-poncey-les-athee.fr\/wp-content\/uploads\/Depistage-VIH.jpg\" target=\"_blank\" rel=\"noopener\"><img loading=\"lazy\" decoding=\"async\" class=\"alignleft wp-image-7098\" src=\"https:\/\/www.mairie-poncey-les-athee.fr\/wp-content\/uploads\/Depistage-VIH-212x300.jpg\" alt=\"\" width=\"208\" height=\"294\" srcset=\"https:\/\/www.mairie-poncey-les-athee.fr\/wp-content\/uploads\/Depistage-VIH-212x300.jpg 212w, https:\/\/www.mairie-poncey-les-athee.fr\/wp-content\/uploads\/Depistage-VIH-396x560.jpg 396w, https:\/\/www.mairie-poncey-les-athee.fr\/wp-content\/uploads\/Depistage-VIH-768x1086.jpg 768w, https:\/\/www.mairie-poncey-les-athee.fr\/wp-content\/uploads\/Depistage-VIH-750x1060.jpg 750w, https:\/\/www.mairie-poncey-les-athee.fr\/wp-content\/uploads\/Depistage-VIH.jpg 843w\" sizes=\"auto, (max-width: 208px) 100vw, 208px\" \/><\/a><\/p>\n<div class=\"x11i5rnm xat24cr x1mh8g0r x1vvkbs xtlvy1s x126k92a\">\n<div dir=\"auto\"><\/div>\n<div dir=\"auto\"><\/div>\n<div dir=\"auto\"><\/div>\n<div dir=\"auto\"><strong>Le <span style=\"color: #0000ff;\">Ce<\/span>ntre <span style=\"color: #0000ff;\">G<\/span>ratuit d\u2019<span style=\"color: #0000ff;\">I<\/span>nformation, de <span style=\"color: #0000ff;\">D<\/span>\u00e9pistage et de <span style=\"color: #0000ff;\">D<\/span>iagnostic du VIH, des H\u00e9patites et des IST (CeGIDD) du<span style=\"color: #0000ff;\"><a class=\"x1i10hfl xjbqb8w x6umtig x1b1mbwd xaqea5y xav7gou x9f619 x1ypdohk xt0psk2 xe8uvvx xdj266r x11i5rnm xat24cr x1mh8g0r xexx8yu x4uap5 x18d9i69 xkhd6sd x16tdsg8 x1hl2dhg xggy1nq x1a2a7pz xt0b8zv x1qq9wsj xo1l8bm\" style=\"color: #0000ff;\" tabindex=\"0\" role=\"link\" href=\"https:\/\/www.facebook.com\/CHUDIJON?__cft__[0]=AZUOuT4iVyofk5TVXlkJOFcWUXusXEvIYgxt2-E19AynJxb8Crf1pjtN5WaAHqRPiYKG1Z1DMRfRHqFnlDs9KVg63WE1KFpGkULacNg6EMcXI56J2DWO9KU8jTk7Pv_PgI9aSFPp-AN0yMJOg7t0EOd1JI8S4kYdVljKWM5VVYXvPEs3BjTPoHogSwB7XUlfUXk&amp;__tn__=-]K-R\" target=\"_blank\" rel=\"noopener\"><span class=\"xt0psk2\">CHU Dijon Bourgogne<\/span><\/a><\/span> propose des d\u00e9pistages sur rendez-vous \u00e0 l&rsquo;h\u00f4pital d&rsquo;Auxonne, le 3e mardi du mois (en dehors des p\u00e9riodes de vacances scolaires).<\/strong><\/div>\n<\/div>\n<div class=\"x11i5rnm xat24cr x1mh8g0r x1vvkbs xtlvy1s x126k92a\">\n<div dir=\"auto\"><\/div>\n<div dir=\"auto\"><\/div>\n<div dir=\"auto\"><strong>Renseignements\u00a0 et\u00a0 RDV\u00a0 au\u00a0<span style=\"color: #0000ff;\"> 03.80.28.14.63<\/span>\u00a0 ou sur:\u00a0 \u00a0 \u00a0 \u00a0 \u00a0 \u00a0 \u00a0 \u00a0 \u00a0 \u00a0 \u00a0 \u00a0 \u00a0 \u00a0\u00a0 \u00a0\u00a0 \u00a0\u00a0 \u00a0\u00a0 \u00a0\u00a0 \u00a0<span style=\"color: #ff0000;\"><a class=\"x1i10hfl xjbqb8w x6umtig x1b1mbwd xaqea5y xav7gou x9f619 x1ypdohk xt0psk2 xe8uvvx xdj266r x11i5rnm xat24cr x1mh8g0r xexx8yu x4uap5 x18d9i69 xkhd6sd x16tdsg8 x1hl2dhg xggy1nq x1a2a7pz xt0b8zv x1fey0fg\" style=\"color: #ff0000;\" tabindex=\"0\" role=\"link\" href=\"http:\/\/www.chu-dijon.fr\/usagers-patients\/espace-info-sante\/depistage-vih-sida-hepatites-ist-infections-sexuellement?fbclid=IwAR1qe-u6SpxqvSCsRB-Ae4QTocUc8wHtFPC1ENx274kWPFbJuWDlxSbz5wc\" target=\"_blank\" rel=\"nofollow noopener\">chu-dijon.fr\/depistage-vih-sida-hepatites<\/a><\/span><\/strong><\/div>\n<\/div>\n<\/div>\n<\/div>\n<div dir=\"auto\"><\/div>\n<div dir=\"auto\"><\/div>\n<div dir=\"auto\"><\/div>\n<div dir=\"auto\"><\/div>\n<div dir=\"auto\"><\/div>\n<div dir=\"auto\"><\/div>\n<div dir=\"auto\"><\/div>\n<p>&nbsp;<\/p>\n<p>&nbsp;<\/p>\n<p>&nbsp;<\/p>\n<h4><\/h4>\n<hr \/>\n<h3><span style=\"color: #0000ff;\">Consultations de Sp\u00e9cialit\u00e9s<\/span><\/h3>\n<p>Dans le cadre de sa labellisation en \u00ab\u00a0H\u00f4pital de Proximit\u00e9\u00a0\u00bb, le Centre Hospitalier d&rsquo;Auxonne a le plaisir de vous annoncer les arriv\u00e9es du <strong>Docteur DUPONT Gwendoline, neurologue, du Docteur COSSA St\u00e9phane, gyn\u00e9cologue et de Madame\u00a0Marie BRESSON-DEGEORGE, Di\u00e9t\u00e9ticienne-Nutritionniste<\/strong> au sein de notre plateau de consultations de sp\u00e9cialit\u00e9s.<\/p>\n<ul>\n<li><strong>Docteur DUPONT<\/strong> d\u00e9butera les consultations \u00e0 compter du 28 septembre 2022. Elle sera pr\u00e9sente tous les 4\u00e8me vendredis de chaque mois.<\/li>\n<\/ul>\n<ul>\n<li><strong>Docteur COSSA<\/strong> d\u00e9butera les consultations en septembre (date \u00e0 d\u00e9terminer)<\/li>\n<\/ul>\n<ul>\n<li><strong>Madame Marie BRESSON-DEGEORGE<\/strong> sera pr\u00e9sente tous les mardis d\u00e8s le 06 septembre.<a href=\"https:\/\/www.mairie-poncey-les-athee.fr\/wp-content\/uploads\/flyer-hopital-Auxonne-jpg-page01.jpg\" target=\"_blank\" rel=\"noopener\"><br \/>\n<\/a><\/li>\n<li><a href=\"https:\/\/www.mairie-poncey-les-athee.fr\/wp-content\/uploads\/flyer-hopital-Auxonne-jpg-page01.jpg\" target=\"_blank\" rel=\"noopener\"><img loading=\"lazy\" decoding=\"async\" class=\"aligncenter wp-image-5096\" src=\"https:\/\/www.mairie-poncey-les-athee.fr\/wp-content\/uploads\/flyer-hopital-Auxonne-jpg-page01-300x212.jpg\" alt=\"H\u00f4pital Auxonne1\" width=\"627\" height=\"443\" srcset=\"https:\/\/www.mairie-poncey-les-athee.fr\/wp-content\/uploads\/flyer-hopital-Auxonne-jpg-page01-300x212.jpg 300w, https:\/\/www.mairie-poncey-les-athee.fr\/wp-content\/uploads\/flyer-hopital-Auxonne-jpg-page01-560x396.jpg 560w, https:\/\/www.mairie-poncey-les-athee.fr\/wp-content\/uploads\/flyer-hopital-Auxonne-jpg-page01-768x543.jpg 768w, https:\/\/www.mairie-poncey-les-athee.fr\/wp-content\/uploads\/flyer-hopital-Auxonne-jpg-page01-1536x1087.jpg 1536w, https:\/\/www.mairie-poncey-les-athee.fr\/wp-content\/uploads\/flyer-hopital-Auxonne-jpg-page01-750x531.jpg 750w, https:\/\/www.mairie-poncey-les-athee.fr\/wp-content\/uploads\/flyer-hopital-Auxonne-jpg-page01.jpg 1754w\" sizes=\"auto, (max-width: 627px) 100vw, 627px\" \/><\/a><\/li>\n<li><a href=\"https:\/\/www.mairie-poncey-les-athee.fr\/wp-content\/uploads\/flyer-hopital-Auxonne-jpg_page-02.jpg\" target=\"_blank\" rel=\"noopener\"><img loading=\"lazy\" decoding=\"async\" class=\"aligncenter wp-image-5097 \" src=\"https:\/\/www.mairie-poncey-les-athee.fr\/wp-content\/uploads\/flyer-hopital-Auxonne-jpg_page-02-300x212.jpg\" alt=\"H\u00f4pital Auxonne2\" width=\"638\" height=\"451\" srcset=\"https:\/\/www.mairie-poncey-les-athee.fr\/wp-content\/uploads\/flyer-hopital-Auxonne-jpg_page-02-300x212.jpg 300w, https:\/\/www.mairie-poncey-les-athee.fr\/wp-content\/uploads\/flyer-hopital-Auxonne-jpg_page-02-560x396.jpg 560w, https:\/\/www.mairie-poncey-les-athee.fr\/wp-content\/uploads\/flyer-hopital-Auxonne-jpg_page-02-768x543.jpg 768w, https:\/\/www.mairie-poncey-les-athee.fr\/wp-content\/uploads\/flyer-hopital-Auxonne-jpg_page-02-1536x1087.jpg 1536w, https:\/\/www.mairie-poncey-les-athee.fr\/wp-content\/uploads\/flyer-hopital-Auxonne-jpg_page-02-750x531.jpg 750w, https:\/\/www.mairie-poncey-les-athee.fr\/wp-content\/uploads\/flyer-hopital-Auxonne-jpg_page-02.jpg 1754w\" sizes=\"auto, (max-width: 638px) 100vw, 638px\" \/><\/a><\/li>\n<\/ul>\n","protected":false},"excerpt":{"rendered":"","protected":false},"author":2,"featured_media":5098,"parent":22,"menu_order":3,"comment_status":"closed","ping_status":"closed","template":"","meta":{"footnotes":""},"class_list":["post-5095","page","type-page","status-publish","has-post-thumbnail","hentry","nodate","item-wrap"],"_links":{"self":[{"href":"https:\/\/www.mairie-poncey-les-athee.fr\/index.php?rest_route=\/wp\/v2\/pages\/5095","targetHints":{"allow":["GET"]}}],"collection":[{"href":"https:\/\/www.mairie-poncey-les-athee.fr\/index.php?rest_route=\/wp\/v2\/pages"}],"about":[{"href":"https:\/\/www.mairie-poncey-les-athee.fr\/index.php?rest_route=\/wp\/v2\/types\/page"}],"author":[{"embeddable":true,"href":"https:\/\/www.mairie-poncey-les-athee.fr\/index.php?rest_route=\/wp\/v2\/users\/2"}],"replies":[{"embeddable":true,"href":"https:\/\/www.mairie-poncey-les-athee.fr\/index.php?rest_route=%2Fwp%2Fv2%2Fcomments&post=5095"}],"version-history":[{"count":90,"href":"https:\/\/www.mairie-poncey-les-athee.fr\/index.php?rest_route=\/wp\/v2\/pages\/5095\/revisions"}],"predecessor-version":[{"id":20494,"href":"https:\/\/www.mairie-poncey-les-athee.fr\/index.php?rest_route=\/wp\/v2\/pages\/5095\/revisions\/20494"}],"up":[{"embeddable":true,"href":"https:\/\/www.mairie-poncey-les-athee.fr\/index.php?rest_route=\/wp\/v2\/pages\/22"}],"wp:featuredmedia":[{"embeddable":true,"href":"https:\/\/www.mairie-poncey-les-athee.fr\/index.php?rest_route=\/wp\/v2\/media\/5098"}],"wp:attachment":[{"href":"https:\/\/www.mairie-poncey-les-athee.fr\/index.php?rest_route=%2Fwp%2Fv2%2Fmedia&parent=5095"}],"curies":[{"name":"wp","href":"https:\/\/api.w.org\/{rel}","templated":true}]}}