{"id":452,"date":"2011-03-30T14:11:04","date_gmt":"2011-03-30T14:11:04","guid":{"rendered":"http:\/\/www.mairie-poncey-les-athee.fr\/?page_id=452"},"modified":"2023-05-06T08:07:00","modified_gmt":"2023-05-06T08:07:00","slug":"anciennes-cartes-postales-3","status":"publish","type":"page","link":"https:\/\/www.mairie-poncey-les-athee.fr\/?page_id=452","title":{"rendered":"Anciennes cartes postales"},"content":{"rendered":"<p><!--more--><\/p>\n<div id=\"attachment_457\" style=\"width: 418px\" class=\"wp-caption aligncenter\"><a href=\"https:\/\/www.mairie-poncey-les-athee.fr\/wp-content\/uploads\/File0028.jpg\" target=\"_blank\" rel=\"attachment noopener wp-att-457\"><img loading=\"lazy\" decoding=\"async\" aria-describedby=\"caption-attachment-457\" class=\"wp-image-457\" title=\"La mairie et l'\u00e9cole\" src=\"https:\/\/www.mairie-poncey-les-athee.fr\/wp-content\/uploads\/File0028-300x193.jpg\" alt=\"\" width=\"418\" height=\"269\" srcset=\"https:\/\/www.mairie-poncey-les-athee.fr\/wp-content\/uploads\/File0028-300x193.jpg 300w, https:\/\/www.mairie-poncey-les-athee.fr\/wp-content\/uploads\/File0028-560x361.jpg 560w, https:\/\/www.mairie-poncey-les-athee.fr\/wp-content\/uploads\/File0028.jpg 1626w\" sizes=\"auto, (max-width: 418px) 100vw, 418px\" \/><\/a><p id=\"caption-attachment-457\" class=\"wp-caption-text\"><strong>devant l&rsquo;\u00e9cole des filles<\/strong><\/p><\/div>\n<p><strong>Ces anciennes cartes postales, d&rsquo;avant la guerre de 1914-1918 pour les plus anciennes ou des ann\u00e9es 1950 pour les plus r\u00e9centes, permettent un voyage dans le temps tout en s&rsquo;arr\u00eatant sur les endroits typiques du village:<\/strong><\/p>\n<p><strong>la Sa\u00f4ne et le barrage,\u00a0 la mairie,\u00a0 l&rsquo;\u00e9cole,\u00a0 le ch\u00e2teau,\u00a0 la plate,\u00a0 les vaches traversant la Sa\u00f4ne,\u00a0 le bac,\u00a0 le caf\u00e9 du bas &#8230;<\/strong><\/p>\n<p>&nbsp;<\/p>\n<div id=\"attachment_460\" style=\"width: 300px\" class=\"wp-caption alignleft\"><a href=\"https:\/\/www.mairie-poncey-les-athee.fr\/wp-content\/uploads\/File0024.jpg\" target=\"_blank\" rel=\"attachment noopener wp-att-460\"><img loading=\"lazy\" decoding=\"async\" aria-describedby=\"caption-attachment-460\" class=\"wp-image-460 size-medium\" title=\"Le bac\" src=\"https:\/\/www.mairie-poncey-les-athee.fr\/wp-content\/uploads\/File0024-300x192.jpg\" alt=\"\" width=\"300\" height=\"192\" srcset=\"https:\/\/www.mairie-poncey-les-athee.fr\/wp-content\/uploads\/File0024-300x192.jpg 300w, https:\/\/www.mairie-poncey-les-athee.fr\/wp-content\/uploads\/File0024-560x359.jpg 560w, https:\/\/www.mairie-poncey-les-athee.fr\/wp-content\/uploads\/File0024.jpg 1590w\" sizes=\"auto, (max-width: 300px) 100vw, 300px\" \/><\/a><p id=\"caption-attachment-460\" class=\"wp-caption-text\"><strong>d\u00e9part pour la fenaison<\/strong><\/p><\/div>\n<div id=\"attachment_459\" style=\"width: 300px\" class=\"wp-caption alignleft\"><a href=\"https:\/\/www.mairie-poncey-les-athee.fr\/wp-content\/uploads\/vaches.jpg\" target=\"_blank\" rel=\"attachment noopener wp-att-459\"><img loading=\"lazy\" decoding=\"async\" aria-describedby=\"caption-attachment-459\" class=\"wp-image-459 size-medium\" title=\"Les vaches traversant la Sa\u00f4ne\" src=\"https:\/\/www.mairie-poncey-les-athee.fr\/wp-content\/uploads\/vaches-300x201.jpg\" alt=\"\" width=\"300\" height=\"201\" srcset=\"https:\/\/www.mairie-poncey-les-athee.fr\/wp-content\/uploads\/vaches-300x201.jpg 300w, https:\/\/www.mairie-poncey-les-athee.fr\/wp-content\/uploads\/vaches-560x376.jpg 560w\" sizes=\"auto, (max-width: 300px) 100vw, 300px\" \/><\/a><p id=\"caption-attachment-459\" class=\"wp-caption-text\"><strong>en direction de l&rsquo;\u00eele<\/strong><\/p><\/div>\n<p><a href=\"https:\/\/www.mairie-poncey-les-athee.fr\/wp-content\/uploads\/File0029.jpg\" target=\"_blank\" rel=\"attachment noopener wp-att-458\"><img loading=\"lazy\" decoding=\"async\" class=\"alignleft wp-image-458\" title=\"Au bord de la Sa\u00f4ne\" src=\"https:\/\/www.mairie-poncey-les-athee.fr\/wp-content\/uploads\/File0029-300x178.jpg\" alt=\"\" width=\"255\" height=\"159\" \/><\/a><\/p>\n<div id=\"attachment_455\" style=\"width: 300px\" class=\"wp-caption alignleft\"><a href=\"https:\/\/www.mairie-poncey-les-athee.fr\/wp-content\/uploads\/File0026.jpg\" target=\"_blank\" rel=\"attachment noopener wp-att-455\"><img loading=\"lazy\" decoding=\"async\" aria-describedby=\"caption-attachment-455\" class=\"wp-image-455 size-medium\" title=\"L'ancien caf\u00e9 des p\u00eacheurs\" src=\"https:\/\/www.mairie-poncey-les-athee.fr\/wp-content\/uploads\/File0026-300x192.jpg\" alt=\"\" width=\"300\" height=\"192\" srcset=\"https:\/\/www.mairie-poncey-les-athee.fr\/wp-content\/uploads\/File0026-300x192.jpg 300w, https:\/\/www.mairie-poncey-les-athee.fr\/wp-content\/uploads\/File0026-560x358.jpg 560w, https:\/\/www.mairie-poncey-les-athee.fr\/wp-content\/uploads\/File0026.jpg 1638w\" sizes=\"auto, (max-width: 300px) 100vw, 300px\" \/><\/a><p id=\"caption-attachment-455\" class=\"wp-caption-text\"><strong>le caf\u00e9 du bas<\/strong><\/p><\/div>\n<p><a href=\"https:\/\/www.mairie-poncey-les-athee.fr\/wp-content\/uploads\/File0025.jpg\" target=\"_blank\" rel=\"attachment noopener wp-att-454\"><img loading=\"lazy\" decoding=\"async\" class=\"alignleft wp-image-454 size-medium\" title=\"Le caf\u00e9 du bas\" src=\"https:\/\/www.mairie-poncey-les-athee.fr\/wp-content\/uploads\/File0025-300x191.jpg\" alt=\"\" width=\"300\" height=\"191\" srcset=\"https:\/\/www.mairie-poncey-les-athee.fr\/wp-content\/uploads\/File0025-300x191.jpg 300w, https:\/\/www.mairie-poncey-les-athee.fr\/wp-content\/uploads\/File0025-560x357.jpg 560w, https:\/\/www.mairie-poncey-les-athee.fr\/wp-content\/uploads\/File0025.jpg 1608w\" sizes=\"auto, (max-width: 300px) 100vw, 300px\" \/><\/a><\/p>\n<div id=\"attachment_446\" style=\"width: 300px\" class=\"wp-caption alignleft\"><a href=\"https:\/\/www.mairie-poncey-les-athee.fr\/wp-content\/uploads\/File0023.jpg\" target=\"_blank\" rel=\"attachment noopener wp-att-446\"><img loading=\"lazy\" decoding=\"async\" aria-describedby=\"caption-attachment-446\" class=\"wp-image-446 size-medium\" title=\"Devant la mairie\" src=\"https:\/\/www.mairie-poncey-les-athee.fr\/wp-content\/uploads\/File0023-300x189.jpg\" alt=\"\" width=\"300\" height=\"189\" srcset=\"https:\/\/www.mairie-poncey-les-athee.fr\/wp-content\/uploads\/File0023-300x189.jpg 300w, https:\/\/www.mairie-poncey-les-athee.fr\/wp-content\/uploads\/File0023-560x353.jpg 560w, https:\/\/www.mairie-poncey-les-athee.fr\/wp-content\/uploads\/File0023.jpg 1608w\" sizes=\"auto, (max-width: 300px) 100vw, 300px\" \/><\/a><p id=\"caption-attachment-446\" class=\"wp-caption-text\"><strong>le mar\u00e9chal -ferrant<\/strong><\/p><\/div>\n<div id=\"attachment_429\" style=\"width: 300px\" class=\"wp-caption alignleft\"><a href=\"https:\/\/www.mairie-poncey-les-athee.fr\/wp-content\/uploads\/File0021.jpg\" target=\"_blank\" rel=\"attachment noopener wp-att-429\"><img loading=\"lazy\" decoding=\"async\" aria-describedby=\"caption-attachment-429\" class=\"wp-image-429 size-medium\" title=\"Le barrage\" src=\"https:\/\/www.mairie-poncey-les-athee.fr\/wp-content\/uploads\/File0021-300x189.jpg\" alt=\"\" width=\"300\" height=\"189\" srcset=\"https:\/\/www.mairie-poncey-les-athee.fr\/wp-content\/uploads\/File0021-300x189.jpg 300w, https:\/\/www.mairie-poncey-les-athee.fr\/wp-content\/uploads\/File0021-560x352.jpg 560w, https:\/\/www.mairie-poncey-les-athee.fr\/wp-content\/uploads\/File0021.jpg 1638w\" sizes=\"auto, (max-width: 300px) 100vw, 300px\" \/><\/a><p id=\"caption-attachment-429\" class=\"wp-caption-text\"><strong>le barrage<\/strong><\/p><\/div>\n<div id=\"attachment_440\" style=\"width: 300px\" class=\"wp-caption alignleft\"><a href=\"https:\/\/www.mairie-poncey-les-athee.fr\/wp-content\/uploads\/File0022.jpg\" target=\"_blank\" rel=\"attachment noopener wp-att-440\"><img loading=\"lazy\" decoding=\"async\" aria-describedby=\"caption-attachment-440\" class=\"wp-image-440 size-medium\" title=\"Le d\u00e9versoir\" src=\"https:\/\/www.mairie-poncey-les-athee.fr\/wp-content\/uploads\/File0022-300x183.jpg\" alt=\"\" width=\"300\" height=\"183\" srcset=\"https:\/\/www.mairie-poncey-les-athee.fr\/wp-content\/uploads\/File0022-300x183.jpg 300w, https:\/\/www.mairie-poncey-les-athee.fr\/wp-content\/uploads\/File0022-560x342.jpg 560w, https:\/\/www.mairie-poncey-les-athee.fr\/wp-content\/uploads\/File0022.jpg 1650w\" sizes=\"auto, (max-width: 300px) 100vw, 300px\" \/><\/a><p id=\"caption-attachment-440\" class=\"wp-caption-text\"><strong>Au barrage, le d\u00e9versoir<\/strong><\/p><\/div>\n","protected":false},"excerpt":{"rendered":"","protected":false},"author":2,"featured_media":429,"parent":18,"menu_order":4,"comment_status":"closed","ping_status":"closed","template":"","meta":{"footnotes":""},"class_list":["post-452","page","type-page","status-publish","has-post-thumbnail","hentry","nodate","item-wrap"],"_links":{"self":[{"href":"https:\/\/www.mairie-poncey-les-athee.fr\/index.php?rest_route=\/wp\/v2\/pages\/452","targetHints":{"allow":["GET"]}}],"collection":[{"href":"https:\/\/www.mairie-poncey-les-athee.fr\/index.php?rest_route=\/wp\/v2\/pages"}],"about":[{"href":"https:\/\/www.mairie-poncey-les-athee.fr\/index.php?rest_route=\/wp\/v2\/types\/page"}],"author":[{"embeddable":true,"href":"https:\/\/www.mairie-poncey-les-athee.fr\/index.php?rest_route=\/wp\/v2\/users\/2"}],"replies":[{"embeddable":true,"href":"https:\/\/www.mairie-poncey-les-athee.fr\/index.php?rest_route=%2Fwp%2Fv2%2Fcomments&post=452"}],"version-history":[{"count":22,"href":"https:\/\/www.mairie-poncey-les-athee.fr\/index.php?rest_route=\/wp\/v2\/pages\/452\/revisions"}],"predecessor-version":[{"id":6622,"href":"https:\/\/www.mairie-poncey-les-athee.fr\/index.php?rest_route=\/wp\/v2\/pages\/452\/revisions\/6622"}],"up":[{"embeddable":true,"href":"https:\/\/www.mairie-poncey-les-athee.fr\/index.php?rest_route=\/wp\/v2\/pages\/18"}],"wp:featuredmedia":[{"embeddable":true,"href":"https:\/\/www.mairie-poncey-les-athee.fr\/index.php?rest_route=\/wp\/v2\/media\/429"}],"wp:attachment":[{"href":"https:\/\/www.mairie-poncey-les-athee.fr\/index.php?rest_route=%2Fwp%2Fv2%2Fmedia&parent=452"}],"curies":[{"name":"wp","href":"https:\/\/api.w.org\/{rel}","templated":true}]}}