{"id":179,"date":"2010-11-30T13:27:08","date_gmt":"2010-11-30T13:27:08","guid":{"rendered":"http:\/\/www.mairie-poncey-les-athee.fr\/?page_id=179"},"modified":"2023-07-17T18:42:59","modified_gmt":"2023-07-17T18:42:59","slug":"demarches","status":"publish","type":"page","link":"https:\/\/www.mairie-poncey-les-athee.fr\/?page_id=179","title":{"rendered":"D\u00e9marches Administratives"},"content":{"rendered":"<p style=\"text-align: left;\"><a href=\"https:\/\/www.mairie-poncey-les-athee.fr\/wp-content\/uploads\/service-public-logo.jpg\"><img loading=\"lazy\" decoding=\"async\" class=\"size-large wp-image-4430\" src=\"https:\/\/www.mairie-poncey-les-athee.fr\/wp-content\/uploads\/service-public-logo-560x149.jpg\" alt=\"Logo Service-Public\" width=\"560\" height=\"149\" srcset=\"https:\/\/www.mairie-poncey-les-athee.fr\/wp-content\/uploads\/service-public-logo-560x149.jpg 560w, https:\/\/www.mairie-poncey-les-athee.fr\/wp-content\/uploads\/service-public-logo-300x80.jpg 300w, https:\/\/www.mairie-poncey-les-athee.fr\/wp-content\/uploads\/service-public-logo-768x205.jpg 768w, https:\/\/www.mairie-poncey-les-athee.fr\/wp-content\/uploads\/service-public-logo-750x200.jpg 750w, https:\/\/www.mairie-poncey-les-athee.fr\/wp-content\/uploads\/service-public-logo.jpg 1024w\" sizes=\"auto, (max-width: 560px) 100vw, 560px\" \/><\/a><!--more--><\/p>\n<p><span style=\"text-decoration: underline;\"><strong>Comment faire pour demander une carte nationale d&rsquo;identit\u00e9?<\/strong><br \/>\n<\/span>Vous pouvez vous rendre \u00e0 n&rsquo;importe quelle mairie, \u00e0 condition qu&rsquo;elle soit \u00e9quip\u00e9e d&rsquo;une station d&rsquo;enregistrement. La plus proche \u00e9tant celle d&rsquo;Auxonne.<br \/>\n<a href=\"https:\/\/www.service-public.fr\/particuliers\/vosdroits\/N19810\" target=\"_blank\" rel=\"noopener\"><strong>Pour en savoir plus, cliquez ici<\/strong><\/a><\/p>\n<p><strong><span style=\"text-decoration: underline;\">D\u00e9claration de naissance<br \/>\n<\/span><\/strong>La d\u00e9claration de naissance est obligatoire, elle s&rsquo;effectue \u00e0 la mairie du lieu de l&rsquo;accouchement.<br \/>\nPour la d\u00e9claration d&rsquo;un enfant naturel, adressez-vous \u00e0 n&rsquo;importe quelle mairie.\u00a0 \u00a0 \u00a0 \u00a0 \u00a0 \u00a0 \u00a0 \u00a0 \u00a0 \u00a0 \u00a0 \u00a0 \u00a0 \u00a0 \u00a0 \u00a0 \u00a0 \u00a0 \u00a0 \u00a0 \u00a0 \u00a0\u00a0 <a href=\"https:\/\/www.service-public.fr\/particuliers\/vosdroits\/N19805\" target=\"_blank\" rel=\"noopener\"><strong>Pour en savoir plus, cliquez ici<\/strong><\/a><\/p>\n<p><strong><span style=\"text-decoration: underline;\">Mariage<br \/>\n<\/span><\/strong>Pour la constitution du dossier, adressez-vous \u00e0 la mairie du domicile ou de la r\u00e9sidence de l&rsquo;un des futurs \u00e9poux.\u00a0 \u00a0 \u00a0 \u00a0 \u00a0 \u00a0 \u00a0 \u00a0 \u00a0 \u00a0 \u00a0 \u00a0 \u00a0 \u00a0 \u00a0 \u00a0 \u00a0 \u00a0 \u00a0 \u00a0 \u00a0 \u00a0 \u00a0 \u00a0 \u00a0 \u00a0 \u00a0 \u00a0 \u00a0 \u00a0 \u00a0 \u00a0 \u00a0 \u00a0 \u00a0 \u00a0 \u00a0 \u00a0 \u00a0 \u00a0 \u00a0 \u00a0 \u00a0 \u00a0 \u00a0 \u00a0 \u00a0 \u00a0 \u00a0 \u00a0 \u00a0 \u00a0 \u00a0 \u00a0 \u00a0 \u00a0 \u00a0 \u00a0 \u00a0 \u00a0 \u00a0 \u00a0 \u00a0 \u00a0 \u00a0 \u00a0 \u00a0 \u00a0 \u00a0 \u00a0 \u00a0 \u00a0 \u00a0 \u00a0 \u00a0 \u00a0 \u00a0 \u00a0 \u00a0 \u00a0 \u00a0 \u00a0 \u00a0 \u00a0 \u00a0 \u00a0 \u00a0 \u00a0 \u00a0 \u00a0 \u00a0 \u00a0 \u00a0 \u00a0 \u00a0 \u00a0 \u00a0 \u00a0 \u00a0 \u00a0 \u00a0 \u00a0 <a href=\"https:\/\/www.service-public.fr\/particuliers\/vosdroits\/N19805\" target=\"_blank\" rel=\"noopener\"><strong>Pour en savoir plus, cliquez ici<\/strong><\/a><\/p>\n<p><strong><span style=\"text-decoration: underline;\">PACS<br \/>\n<\/span><\/strong>Pour conclure un Pacte Civil de Solidarit\u00e9, adressez-vous en Mairie.<br \/>\n<a href=\"https:\/\/www.service-public.fr\/particuliers\/vosdroits\/N19805\" target=\"_blank\" rel=\"noopener\"><strong>Pour en savoir plus, cliquez ici<\/strong><\/a><\/p>\n<p><strong><span style=\"text-decoration: underline;\">Comment faire pour demander un passeport?<br \/>\n<\/span><\/strong>Vous pouvez vous rendre \u00e0 n&rsquo;importe quelle mairie, \u00e0 condition qu&rsquo;elle soit \u00e9quip\u00e9e d&rsquo;une station d&rsquo;enregistrement. La plus proche \u00e9tant celle d&rsquo;Auxonne. \u00a0\u00a0 \u00a0\u00a0 \u00a0\u00a0 \u00a0\u00a0 \u00a0\u00a0 \u00a0\u00a0 \u00a0\u00a0 \u00a0\u00a0 \u00a0\u00a0 \u00a0\u00a0 \u00a0\u00a0 \u00a0\u00a0 \u00a0\u00a0 \u00a0\u00a0 \u00a0\u00a0 \u00a0\u00a0 \u00a0\u00a0 \u00a0\u00a0 \u00a0\u00a0 \u00a0\u00a0 \u00a0\u00a0 \u00a0\u00a0 \u00a0\u00a0 \u00a0\u00a0 \u00a0\u00a0 \u00a0\u00a0 \u00a0\u00a0 \u00a0\u00a0 \u00a0\u00a0 \u00a0\u00a0 \u00a0\u00a0 \u00a0\u00a0 \u00a0\u00a0 \u00a0\u00a0 \u00a0\u00a0 \u00a0\u00a0 <a href=\"https:\/\/www.service-public.fr\/particuliers\/vosdroits\/N19810\" target=\"_blank\" rel=\"noopener\"><strong>Pour en savoir plus, cliquez ici<\/strong><\/a><\/p>\n<p><strong><span style=\"text-decoration: underline;\">Comment faire pour vous inscrire sur la liste \u00e9lectorale?<br \/>\n<\/span><\/strong>L\u2019inscription peut se faire toute l\u2019ann\u00e9e sur internet ou en mairie. Mais, dans la cas d&rsquo;une \u00e9lection, cette inscription doit se faire avant le 6<sup>\u00e8me<\/sup> vendredi qui pr\u00e9c\u00e8de l\u2019\u00e9lection pour pouvoir voter.<br \/>\n&#8211; d&rsquo;une pi\u00e8ce d&rsquo;identit\u00e9<br \/>\n&#8211; d&rsquo;un justificatif de domicile<br \/>\n&#8211; votre carte d&rsquo;\u00e9lecteur<\/p>\n<p><a href=\"https:\/\/www.service-public.fr\/particuliers\/vosdroits\/N19810\" target=\"_blank\" rel=\"noopener\"><strong><span style=\"text-decoration: underline;\">Pour en savoir plus, cliquez ici<\/span><\/strong><\/a><\/p>\n<p>&nbsp;<\/p>\n","protected":false},"excerpt":{"rendered":"","protected":false},"author":2,"featured_media":0,"parent":22,"menu_order":7,"comment_status":"closed","ping_status":"closed","template":"","meta":{"footnotes":""},"class_list":["post-179","page","type-page","status-publish","hentry","nodate","item-wrap"],"_links":{"self":[{"href":"https:\/\/www.mairie-poncey-les-athee.fr\/index.php?rest_route=\/wp\/v2\/pages\/179","targetHints":{"allow":["GET"]}}],"collection":[{"href":"https:\/\/www.mairie-poncey-les-athee.fr\/index.php?rest_route=\/wp\/v2\/pages"}],"about":[{"href":"https:\/\/www.mairie-poncey-les-athee.fr\/index.php?rest_route=\/wp\/v2\/types\/page"}],"author":[{"embeddable":true,"href":"https:\/\/www.mairie-poncey-les-athee.fr\/index.php?rest_route=\/wp\/v2\/users\/2"}],"replies":[{"embeddable":true,"href":"https:\/\/www.mairie-poncey-les-athee.fr\/index.php?rest_route=%2Fwp%2Fv2%2Fcomments&post=179"}],"version-history":[{"count":8,"href":"https:\/\/www.mairie-poncey-les-athee.fr\/index.php?rest_route=\/wp\/v2\/pages\/179\/revisions"}],"predecessor-version":[{"id":10076,"href":"https:\/\/www.mairie-poncey-les-athee.fr\/index.php?rest_route=\/wp\/v2\/pages\/179\/revisions\/10076"}],"up":[{"embeddable":true,"href":"https:\/\/www.mairie-poncey-les-athee.fr\/index.php?rest_route=\/wp\/v2\/pages\/22"}],"wp:attachment":[{"href":"https:\/\/www.mairie-poncey-les-athee.fr\/index.php?rest_route=%2Fwp%2Fv2%2Fmedia&parent=179"}],"curies":[{"name":"wp","href":"https:\/\/api.w.org\/{rel}","templated":true}]}}